, 5, 353
What are the prime factors of 83342?
2, 7, 5953
List the prime factors of 4245.
3, 5, 283
List the prime factors of 2627.
37, 71
What are the prime factors of 62193?
3, 20731
What are the prime factors of 2697?
3, 29, 31
What are the prime factors of 3055?
5, 13, 47
What are the prime factors of 1527?
3, 509
What are the prime factors of 31113?
3, 3457
List the prime factors of 1387.
19, 73
List the prime factors of 1622.
2, 811
What are the prime factors of 15?
3, 5
List the prime factors of 2978.
2, 1489
What are the prime factors of 43402?
2, 21701
List the prime factors of 1382.
2, 691
List the prime factors of 30545.
5, 41, 149
What are the prime factors of 5918?
2, 11, 269
What are the prime factors of 19373?
19373
List the prime factors of 95357.
167, 571
List the prime factors of 163859.
163859
List the prime factors of 6686.
2, 3343
What are the prime factors of 2583?
3, 7, 41
List the prime factors of 1571.
1571
What are the prime factors of 4026?
2, 3, 11, 61
What are the prime factors of 9442?
2, 4721
List the prime factors of 13053.
3, 19, 229
What are the prime factors of 1016?
2, 127
List the prime factors of 17065.
5, 3413
What are the prime factors of 15123?
3, 71
What are the prime factors of 8658?
2, 3, 13, 37
What are the prime factors of 3052?
2, 7, 109
What are the prime factors of 4303?
13, 331
What are the prime factors of 1792?
2, 7
What are the prime factors of 52945?
5, 10589
List the prime factors of 63712.
2, 11, 181
What are the prime factors of 7903?
7, 1129
What are the prime factors of 3760?
2, 5, 47
List the prime factors of 17696.
2, 7, 79
List the prime factors of 5288.
2, 661
List the prime factors of 10011.
3, 47, 71
List the prime factors of 961.
31
List the prime factors of 3380.
2, 5, 13
What are the prime factors of 246?
2, 3, 41
What are the prime factors of 24247?
24247
List the prime factors of 55845.
3, 5, 17, 73
List the prime factors of 10903.
10903
What are the prime factors of 715?
5, 11, 13
What are the prime factors of 9852?
2, 3, 821
What are the prime factors of 4716?
2, 3, 131
List the prime factors of 1580.
2, 5, 79
List the prime factors of 2952.
2, 3, 41
What are the prime factors of 6017?
11, 547
List the prime factors of 500.
2, 5
List the prime factors of 684.
2, 3, 19
List the prime factors of 4420.
2, 5, 13, 17
What are the prime factors of 1509?
3, 503
List the prime factors of 1012.
2, 11, 23
List the prime factors of 82519.
179, 461
What are the prime factors of 3572?
2, 19, 47
List the prime factors of 2144.
2, 67
List the prime factors of 4500.
2, 3, 5
What are the prime factors of 2282?
2, 7, 163
What are the prime factors of 10842?
2, 3, 13, 139
List the prime factors of 63677.
37, 1721
List the prime factors of 1432.
2, 179
What are the prime factors of 29088?
2, 3, 101
What are the prime factors of 121505?
5, 19, 1279
List the prime factors of 1438.
2, 719
List the prime factors of 160556.
2, 11, 41, 89
What are the prime factors of 106738?
2, 83, 643
What are the prime factors of 36016?
2, 2251
What are the prime factors of 70188?
2, 3, 5849
What are the prime factors of 4908?
2, 3, 409
List the prime factors of 92064.
2, 3, 7, 137
List the prime factors of 1094.
2, 547
What are the prime factors of 7633?
17, 449
List the prime factors of 299.
13, 23
What are the prime factors of 311?
311
List the prime factors of 26932.
2, 6733
List the prime factors of 3331.
3331
What are the prime factors of 709?
709
List the prime factors of 213.
3, 71
What are the prime factors of 10597?
10597
List the prime factors of 1822.
2, 911
What are the prime factors of 1363?
29, 47
List the prime factors of 17167.
17167
List the prime factors of 215.
5, 43
List the prime factors of 268.
2, 67
List the prime factors of 838.
2, 419
What are the prime factors of 3044?
2, 761
What are the prime factors of 16283?
19, 857
What are the prime factors of 1086?
2, 3, 181
What are the prime factors of 1011?
3, 337
What are the prime factors of 4900?
2, 5, 7
List the prime factors of 57415.
5, 11483
What are the prime factors of 37049?
37049
List the prime factors of 1870.
2, 5, 11, 17
List the prime factors of 95724.
2, 3, 2659
List the prime factors of 2272.
2, 71
What are the prime factors of 59970?
2, 3, 5, 1999
List the prime factors of 2110.
2, 5, 211
What are the prime factors of 27369?
3, 3041
What are the prime factors of 2315?
5, 463
List the prime factors of 146240.
2, 5, 457
List the prime factors of 17371.
29, 599
List the prime factors of 106838.
2, 53419
What are the prime factors of 7838?
2, 3919
List the prime factors of 60100.
2, 5, 601
List the prime factors of 58957.
19, 29, 107
List the prime factors of 849.
3, 283
What are the prime factors of 713?
23, 31
List the prime factors of 26638.
2, 19, 701
List the prime factors of 287.
7, 41
List the prime factors of 10251.
3, 17, 67
What are the prime factors of 1090?
2, 5, 109
What are the prime factors of 412?
2, 103
What are the prime factors of 465?
3, 5, 31
What are the prime factors of 13417?
13417
List the prime factors of 17284.
2, 29, 149
List the prime factors of 30844.
2, 11, 701
List the prime factors of 1745.
5, 349
What are the prime factors of 1213?
1213
What are the prime factors of 1347?
3, 449
What are the prime factors of 4023?
3, 149
What are the prime factors of 3906?
2, 3, 7, 31
What are the prime factors of 39703?
39703
What are the prime factors of 136436?
2, 23, 1483
What are the prime factors of 35790?
2, 3, 5, 1193
List the prime factors of 5549.
31, 179
What are the prime factors of 1038?
2, 3, 173
What are the prime factors of 95102?
2, 7, 6793
What are the prime factors of 4016?
2, 251
What are the prime factors of 19205?
5, 23, 167
List the prime factors of 495.
3, 5, 11
What are the prime factors of 943?
23, 41
List the prime factors of 3416.
2, 7, 61
What are the prime factors of 5420?
2, 5, 271
List the prime factors of 1546.
2, 773
List the prime factors of 1674.
2, 3, 31
List the prime factors of 26720.
2, 5, 167
What are the prime factors of 2220?
2, 3, 5, 37
What are the prime factors of 10060?
2, 5, 503
List the prime factors of 53023.
17, 3119
List the prime factors of 27683.
19, 31, 47
List the prime factors of 25029.
3, 103
List the prime factors of 619.
619
List the prime factors of 1033.
1033
List the prime factors of 3386.
2, 1693
What are the prime factors of 30325?
5, 1213
What are the prime factors of 53150?
2, 5, 1063
List the prime factors of 942.
2, 3, 157
What are the prime factors of 3884?
2, 971
List the prime factors of 41704.
2, 13, 401
What are the prime factors of 20049?
3, 41, 163
What are the prime factors of 283?
283
What are the prime factors of 2210?
2, 5, 13, 17
List the prime factors of 286.
2, 11, 13
List the prime factors of 14661.
3, 181
What are the prime factors of 24094?
2, 7, 1721
List the prime factors of 13997.
13997
What are the prime factors of 15283?
17, 29, 31
List the prime factors of 16.
2
List the prime factors of 46805.
5, 11, 23, 37
List the prime factors of 1743.
3, 7, 83
What are the prime factors of 2356?
2, 19, 31
List the prime factors of 2447.
2447
What are the prime factors of 2989?
7, 61
What are the prime factors of 30342?
2, 3, 13, 389
What are the prime factors of 20956?
2, 13, 31
What are the prime factors of 462?
2, 3, 7, 11
What are the prime factors of 1093?
1093
What are the prime factors of 2477?
2477
What are the prime factors of 30?
2, 3, 5
What are the prime factors of 30524?
2, 13, 587
What are the prime factors of 17226?
2, 3, 11, 29
What are the prime factors of 66483?
3, 83, 89
What are the prime factors of 1477?
7, 211
List the prime factors of 112189.
7, 11, 31, 47
List the prime factors of 15749.
15749
What are the prime factors of 1156?
2, 17
List the prime factors of 566.
2, 283
What are the prime factors of 9735?
3, 5, 11, 59
What are the prime factors of 15579?
3, 577
List the prime factors of 2714.
2, 23, 59
List the prime factors of 6796.
2, 1699
What are the prime factors of 1493?
1493
What are the prime factors of 6759?
3, 751
What are the prime factors of 4850?
2, 5, 97
What are the prime factors of 14300?
2, 5, 11, 13
What are the prime factors of 62636?
2, 7, 2237
List the prime factors of 17560.
2, 5, 43